 a(y) = 145*y + 212. Calculate the remainder when a(0) is divided by 201.
11
Let y(m) = 2*m**2 + 174. What is the remainder when y(0) is divided by (96/(-40))/(4/(-50))?
24
Let i = 163 - 70. Suppose 2*a - s + 2*s - i = 0, -5*s + 25 = 0. Suppose -20*y + 26*y = 54. Calculate the remainder when a is divided by y.
8
Let m(k) = 634*k**3 + 3*k**2 + 108*k - 110. What is the remainder when m(1) is divided by 49?
47
Suppose -242*v = -45*v - 15563. Calculate the remainder when 225 is divided by v.
67
Let j = -3832 - -4024. What is the remainder when j is divided by 47?
4
Let c be ((-4)/(-6))/((-2)/(-6)). Suppose 2*u - x = -4*x - 105, -214 = 4*u + c*x. Let z = u + 131. Calculate the remainder when z is divided by 27.
23
Calculate the remainder when 376 is divided by (45/60)/((-6)/(-4)) - (-127)/2.
56
Let m be ((-48)/20)/((-4)/10). Suppose -m*l = -19*l - 117. Let h(q) = 2*q**2 + 6*q - 15. Calculate the remainder when h(l) is divided by 24.
21
Calculate the remainder when -4*(-2)/8 + (-2415)/(-35) is divided by 10.
0
Let q = 7849 + -7719. What is the remainder when 631 is divided by q?
111
Let w be (1 - 11)/(-1 + 25/15). Calculate the remainder when ((-40)/w)/((-4)/(-24)) is divided by 10.
6
Suppose -1568 - 2793 = -29*r + 2889. Calculate the remainder when r is divided by 74.
28
Let w be 5 - 0 - -1*(-1 + 0). Suppose -u - 476 = -5*b - 3*u, w*b + u - 379 = 0. Calculate the remainder when b is divided by 12.
10
Suppose 11*a - 13*a - 112 = 0. Let b = 62 + a. Calculate the remainder when (-4 + -31)*(2 + 39/(-15)) is divided by b.
3
What is the remainder when (((-1196240)/15)/(-38))/(6/9) is divided by 105?
103
Calculate the remainder when 434 is divided by (-472)/295*7/((-168)/1530).
26
Let w(g) = -g**2 + g + 21. Let n be w(0). Suppose a - 63 = 203. What is the remainder when a/n*(-9)/(-6) is divided by 7?
5
What is the remainder when 5 + 1 - (-29)/(116/10588) is divided by 166?
163
Let c = 509 + -69. Calculate the remainder when c is divided by 156.
128
Let a = 5095 - 4574. What is the remainder when a is divided by 21?
17
Let j be (-64)/6 + 12/(-36). Suppose -4*t + t - 210 = 0. Let k = j - t. What is the remainder when k is divided by 32?
27
Suppose -7*h + 452 = -2068. Suppose a - h = -3*a + o, 2*a = o + 182. What is the remainder when a is divided by (-26)/(-2)*(-1)/(-1)?
11
Let m = 127 - 123. Suppose -5*h - 4*a = -186, 0 = -3*a + m*a - 4. Let n = 0 + 7. Calculate the remainder when h is divided by n.
6
Let m = -2649 - -2918. Calculate the remainder when m is divided by 40.
29
Let m = 9 - -30. Let j = m - 23. Suppose 33*p - 28*p = 35. Calculate the remainder when j is divided by p.
2
Suppose 193*w = 198*w - 570. Suppose 0 = 2*i - 54 - w. What is the remainder when i is divided by 16?
4
Suppose 0 = -36*o + 277 + 119. Suppose -75 = -4*q - o*q. Suppose 7*s - 2*s - 2*c - 40 = 0, 0 = -5*s - 5*c + 75. What is the remainder when s is divided by q?
0
Suppose 0*m + 2*m - 20 = 0. Let y = -12 - m. Calculate the remainder when 157 is divided by 52 + y + (-3)/(6/(-4)).
29
Let a = -38390 - -38458. Calculate the remainder when 7887 is divided by a.
67
What is the remainder when (4 + 39/(-13))*2/(-4)*-212 is divided by 47?
12
Suppose 0 = -5*s + 20, -s = 2*d - 63 - 67. Calculate the remainder when 363 is divided by d.
48
Suppose 0 = -88*w + 89*w - 13. Let f = -9 - -14. Suppose 0 = -v + 6*v - f*u - 50, -u = 3*v - 22. What is the remainder when w is divided by v?
5
Suppose 0 = 3*i + 23 - 146. Let y be ((-4)/(-3)*1)/((-2)/120). Let m = 102 + y. What is the remainder when i is divided by m?
19
Let y = -3756 + 3820. Calculate the remainder when 12221 is divided by y.
61
Suppose 2529 - 339 = 51*k - 1176. Calculate the remainder when k is divided by 18.
12
Let c(u) = -8*u**3 + 44*u**2 - u - 1 - 25*u**2 + 0*u - 22*u**2. Calculate the remainder when c(-2) is divided by 6/(2/9*1).
26
Suppose 5*h - 89 = -2*b, 4*b - h - 2*h - 113 = 0. Let j(c) = 4*c**2 - 6*c + 5. Let a be 1/(-2)*1*-14. Calculate the remainder when j(a) is divided by b.
31
Let x(y) = 2*y**2 - 2*y + 7. Let i(a) = a**3 - 4*a**2 + 3*a - 3. Let b be i(3). Let o be x(b). Let q = o - 14. Calculate the remainder when 64 is divided by q.
13
Let k = -78 + 84. Suppose k = -5*u + 101. Calculate the remainder when 58 - (3/1 - 0) is divided by u.
17
Let t(l) = 7*l**2 - 78*l - 255. What is the remainder when 350 is divided by t(-4)?
12
Suppose 30*o - 2186 - 2402 = -568. What is the remainder when 178 is divided by o?
44
Suppose 4*c + 3*k + 690 = 0, 0 = -2*c - 0*c - 5*k - 338. Let a = c - -283. What is the remainder when a is divided by 10?
9
Suppose 0 = -15*o + 190*o - 59500. What is the remainder when o is divided by 144?
52
What is the remainder when 101 is divided by 26/247 - (-1803)/19?
6
Let r(q) = 7*q**2 + 196*q - 198. Calculate the remainder when 401 is divided by r(-30).
179
Suppose 144 = -p - 24. Let c = 210 + p. Calculate the remainder when 545 is divided by c.
41
Suppose -109*u + 100*u = -4221. Let j = 110 - 51. Calculate the remainder when u is divided by j.
56
Let y = -588 - -955. What is the remainder when y is divided by 94?
85
Suppose -2*j = 5*n + 4, -j - 3*n = j - 4. Suppose 5*b - 4*b = 1. Suppose 23 = s + b. Calculate the remainder when s is divided by j.
6
Suppose 123 - 501 = -6*v. Suppose v = r + 4*a, -7*r + 108 = -5*r + 2*a. What is the remainder when 97 is divided by r?
46
Suppose 1911 = -9*s + 2703. Calculate the remainder when s is divided by 12.
4
Let m(r) = -6*r + 3. Suppose 7 = u + q, -3*u + u = 3*q - 18. Suppose u*j = 7*j + 4. Calculate the remainder when 34 is divided by m(j).
7
Suppose 97 - 612 = -5*j. Let d be 540/80 - (-1)/4*-3. Suppose -3*u + 21 = d, 37 = 2*z - u. Calculate the remainder when j is divided by z.
19
Calculate the remainder when 41 is divided by ((-2808)/(-416))/((-3)/(-4)).
5
Suppose -5*y - 10 = 0, -80 = -a - 3*a + 4*y. Suppose 4*k + 2*v + a = -26, -3*v = 2*k + 14. Let w = k - -32. Calculate the remainder when w is divided by 11.
8
Calculate the remainder when 361 is divided by 468/(-42)*525/(-50).
10
Suppose -2921 + 1489 = -79*y + 2202. Calculate the remainder when 286 is divided by y.
10
Suppose 5*m - 46 = 54. Let u(x) = 3*x**2 - 8*x + 23. Calculate the remainder when u(-5) is divided by m.
18
Let t(r) = 2*r**3 - r**2 + 22*r - 383. Calculate the remainder when t(10) is divided by 16.
9
Let h be 7 + -1 + -1 + 5. Suppose -2*v + h = 4*s, 0 = -0*v + 3*v + 5*s - 17. Let l = 18 + v. Calculate the remainder when l is divided by 14.
13
Let v = -7564 - -7671. What is the remainder when 257 is divided by v?
43
Let d = -14 + 18. Suppose d*w - 765 = -273. Let x(c) = -c**3 - 13*c**2 - 3*c - 14. Calculate the remainder when w is divided by x(-13).
23
Let j(x) = x**2 - 14*x - 74. Let g be j(9). Calculate the remainder when 5*6*(-6)/(-4) is divided by (-32)/17 + 2 - 938/g.
5
Let x(c) = 32*c + 1380. Calculate the remainder when 557 is divided by x(-42).
17
Let b be (-139)/((-1)/(2 + 0)). Let r = -258 + b. What is the remainder when r is divided by (-1)/4 + (-33)/(-4)?
4
Let i(p) = 48*p + 3440. Calculate the remainder when i(-47) is divided by 56.
8
Let v(u) = -40*u + 23. Let z be v(11). Let o = z + 428. Calculate the remainder when 16 is divided by o.
5
Let d(g) = -g**2 + 14*g - 23. Let z(w) be the second derivative of w**4/12 - 5*w**3/3 + 9*w**2/2 - 14*w. What is the remainder when z(19) is divided by d(7)?
24
Calculate the remainder when -2*2/((-8)/654) is divided by 27/(-4)*(-9812)/2007.
30
Let j(u) = u**2 + 21*u - 2529. What is the remainder when j(42) is divided by 51?
15
Let k(j) = j**3 + 6*j**2 - 3*j + 7. Let f be k(4). Suppose 160*w = f*w - 210. What is the remainder when 54 is divided by (4/12)/((-44)/w + -1)?
5
Suppose 0 = -3*h - 0*h + d + 391, -5*h = -3*d - 661. Calculate the remainder when 923 is divided by h.
27
Let u(i) = i**2 + 19*i + 126. Suppose 5*n + 75 = 2*x, -5*n - 48 = 2*x + 27. What is the remainder when 207 is divided by u(n)?
9
What is the remainder when 677 is divided by (3859/(-34))/((-14)/(-49) - (-11)/(-14))?
223
Let c = -327 - -571. Let d = c + -153. Calculate the remainder when d is divided by 36.
19
Let s(f) = 3*f**2 - 25*f + 1. Let w be s(8). What is the remainder when 3 - (w/(-21))/((-2)/438) is divided by 27?
22
Let k(b) = 28*b**2 + 2*b. Let x be k(-4). Suppose 3*